{"id":5822,"date":"2025-09-20T18:25:43","date_gmt":"2025-09-20T16:25:43","guid":{"rendered":"https:\/\/www.laggenbecker.de\/?page_id=5822"},"modified":"2025-09-20T22:45:36","modified_gmt":"2025-09-20T20:45:36","slug":"laggenbecker-whisky","status":"publish","type":"page","link":"https:\/\/www.laggenbecker.de\/?page_id=5822","title":{"rendered":"Laggenbecker Whisky"},"content":{"rendered":"<div class=\"wp-block-image\">\n<figure class=\"aligncenter size-large is-resized\"><a href=\"https:\/\/www.laggenbecker.de\/wp-content\/uploads\/2025\/08\/Logo_Privatdestillerie-Haverkamp_Dunkel.png\"><img loading=\"lazy\" decoding=\"async\" width=\"1024\" height=\"380\" src=\"https:\/\/www.laggenbecker.de\/wp-content\/uploads\/2025\/08\/Logo_Privatdestillerie-Haverkamp_Dunkel-1024x380.png\" alt=\"\" class=\"wp-image-5795\" style=\"width:458px;height:auto\" srcset=\"https:\/\/www.laggenbecker.de\/wp-content\/uploads\/2025\/08\/Logo_Privatdestillerie-Haverkamp_Dunkel-1024x380.png 1024w, https:\/\/www.laggenbecker.de\/wp-content\/uploads\/2025\/08\/Logo_Privatdestillerie-Haverkamp_Dunkel-300x111.png 300w, https:\/\/www.laggenbecker.de\/wp-content\/uploads\/2025\/08\/Logo_Privatdestillerie-Haverkamp_Dunkel-768x285.png 768w, https:\/\/www.laggenbecker.de\/wp-content\/uploads\/2025\/08\/Logo_Privatdestillerie-Haverkamp_Dunkel-1536x570.png 1536w, https:\/\/www.laggenbecker.de\/wp-content\/uploads\/2025\/08\/Logo_Privatdestillerie-Haverkamp_Dunkel-2048x760.png 2048w, https:\/\/www.laggenbecker.de\/wp-content\/uploads\/2025\/08\/Logo_Privatdestillerie-Haverkamp_Dunkel-250x93.png 250w\" sizes=\"auto, (max-width: 1024px) 100vw, 1024px\" \/><\/a><\/figure>\n<\/div>\n\n\n<p>Hergestellt wird mein Whisky in kleinsten Batches und in Handarbeit von mir pers\u00f6nlich in einer traditionellen Vollkupfer-Potstil-Destillerie. Der Aufwand ist zwar etwas h\u00f6her, daf\u00fcr empfinde ich den Geschmack als kr\u00e4ftiger und zeitgleich sanfter.<\/p>\n\n\n\n<div class=\"wp-block-columns is-layout-flex wp-container-core-columns-is-layout-9d6595d7 wp-block-columns-is-layout-flex\">\n<div class=\"wp-block-column is-layout-flow wp-block-column-is-layout-flow\">\n<figure class=\"wp-block-image size-large\"><a href=\"https:\/\/www.laggenbecker.de\/wp-content\/uploads\/2025\/09\/IMG_0800-1.jpg\"><img decoding=\"async\" src=\"https:\/\/www.laggenbecker.de\/wp-content\/uploads\/2025\/09\/IMG_0800-1-854x1024.jpg\" alt=\"\" class=\"wp-image-5812\"\/><\/a><\/figure>\n\n\n\n<p><strong>Laggenbecker Whisky<\/strong><\/p>\n\n\n\n<p>Dieser erste Laggenbecker Whisky (43 vol% Alkohol) zu meinem 10j\u00e4hrigem Jubil\u00e4um ist knapp 4 Jahre gereift in einem 50L Fass deutscher Herstellung und aus deutsche Eiche. Stark getoastet (Char 4) und in Erstbelegung sorgte das Fass f\u00fcr einen sehr weichen und vanilligen Geschmack. Der Whisky \u00fcberzeugt mit einem starken Antritt und einer faszinierenden Nase. Vollmundige Obstaromen verschmelzen harmonisch mit zarten Schokonoten. Die Fruchtaromen und die leichte S\u00fc\u00dfe nach Karamell und Toffee wird durch den langen, vanilligen Abgang perfekt abgerundet. Der komplette Proze\u00df fand in der Laggenbecker Brauerei statt, einzig die Destillation allerdings bei einem befreundetem Partner im Tecklenburger Land, da mir Anfang 2022 noch die Genehmigungen fehlten.<\/p>\n\n\n\n<p>Durch die Reifung in einem kleinem 50L Fass war der Kontakt zur Holzfl\u00e4che wesentlich h\u00f6her, soda\u00df dieser Whisky wesentlich schneller reifte.<\/p>\n\n\n\n<p>Limitiert ist er auf 100 Flaschen. Jede Flasche ist handsigniert und mit entsprechender Nummer.<\/p>\n<\/div>\n<\/div>\n","protected":false},"excerpt":{"rendered":"<p>Hergestellt wird mein Whisky in kleinsten Batches und in Handarbeit von mir pers\u00f6nlich in einer traditionellen Vollkupfer-Potstil-Destillerie. Der Aufwand ist zwar etwas h\u00f6her, daf\u00fcr empfinde ich den Geschmack als kr\u00e4ftiger und zeitgleich sanfter. Laggenbecker Whisky Dieser erste Laggenbecker Whisky (43 vol% Alkohol) zu meinem 10j\u00e4hrigem Jubil\u00e4um ist knapp 4 Jahre gereift in einem 50L Fass<a class=\"read-more \" href=\"https:\/\/www.laggenbecker.de\/?page_id=5822\" title=\"Read More\"> <span class=\"button default\">Read More<\/span><\/a><\/p>\n","protected":false},"author":1,"featured_media":0,"parent":5709,"menu_order":1,"comment_status":"closed","ping_status":"closed","template":"","meta":{"footnotes":""},"class_list":["post-5822","page","type-page","status-publish","hentry"],"jetpack_sharing_enabled":true,"_links":{"self":[{"href":"https:\/\/www.laggenbecker.de\/index.php?rest_route=\/wp\/v2\/pages\/5822","targetHints":{"allow":["GET"]}}],"collection":[{"href":"https:\/\/www.laggenbecker.de\/index.php?rest_route=\/wp\/v2\/pages"}],"about":[{"href":"https:\/\/www.laggenbecker.de\/index.php?rest_route=\/wp\/v2\/types\/page"}],"author":[{"embeddable":true,"href":"https:\/\/www.laggenbecker.de\/index.php?rest_route=\/wp\/v2\/users\/1"}],"replies":[{"embeddable":true,"href":"https:\/\/www.laggenbecker.de\/index.php?rest_route=%2Fwp%2Fv2%2Fcomments&post=5822"}],"version-history":[{"count":3,"href":"https:\/\/www.laggenbecker.de\/index.php?rest_route=\/wp\/v2\/pages\/5822\/revisions"}],"predecessor-version":[{"id":5852,"href":"https:\/\/www.laggenbecker.de\/index.php?rest_route=\/wp\/v2\/pages\/5822\/revisions\/5852"}],"up":[{"embeddable":true,"href":"https:\/\/www.laggenbecker.de\/index.php?rest_route=\/wp\/v2\/pages\/5709"}],"wp:attachment":[{"href":"https:\/\/www.laggenbecker.de\/index.php?rest_route=%2Fwp%2Fv2%2Fmedia&parent=5822"}],"curies":[{"name":"wp","href":"https:\/\/api.w.org\/{rel}","templated":true}]}}